**2 - i + 1. Let u be b(1). Suppose 0 = u*k - 10. Let h(y) = -4*y**3 - 5*y**2 - y**2 + k*y**3. What is h(6)?
0
Let v(x) be the second derivative of x**6/120 + x**5/12 + x**4/24 - x**3/3 + 11*x**2/2 - 15*x. Let k(a) be the first derivative of v(a). What is k(-4)?
10
Let y(s) = -s**2 + 13*s - 21. Let n be y(11). Suppose -3*d - 12 = -6*d. Let t(b) = -11*b**2 + 2 + n - d. What is t(1)?
-12
Let l = -64 + 66. Let k(g) be the second derivative of 1/12*g**4 - 1/3*g**3 - 1/5*g**5 + 1/2*g**l + 4*g + 0. What is k(1)?
-4
Let y(l) = -l**2 + 6*l + 7. Let z be y(7). Suppose 1 = -5*o + 31. Suppose -18 = o*b - b + 4*t, z = -3*b + t - 4. Let i(a) = 4*a + 1. Determine i(b).
-7
Let v(i) be the third derivative of i**4/12 - 4*i**2. Calculate v(1).
2
Let g(o) = -4*o**2 - 7*o + 3. Let v(u) = -u**2 + u + 1. Let r(s) = g(s) - 3*v(s). Let i be r(-10). Let q be 4 + (i - (1 + 0)). Let f(j) = -4*j - 1. Give f(q).
-13
Let o(g) be the second derivative of g**4/12 + 4*g**3/3 + 9*g**2/2 + 11*g. Suppose 0 = 4*w - 12. Suppose 0*v = -w*v - 18. Give o(v).
-3
Let y(m) = -2*m - 2 - 3*m**2 - m**2 + 0. Let r = -636 - -634. Determine y(r).
-14
Let h(t) = 1 + t + 0*t + 6. Calculate h(-14).
-7
Let q(x) = -2 + 0*x + 0 - 3*x. Let m = 41 + -46. Let o be 12/16*m/(10/16). Give q(o).
16
Let c(y) = -y - 4. Suppose 0 = 4*x - 2*x. Suppose 2 = -h - 0*h. Let o be 3/(h - -1 - x). Calculate c(o).
-1
Suppose -5*o + 3*o + p = 2, 2*o + 3*p = -2. Let n(k) = 11*k. Calculate n(o).
-11
Let z(r) be the third derivative of -r**4/6 - 19*r**3/6 + 10*r**2. Let a(f) = -2*f - 10. Let h(w) = -5*a(w) + 2*z(w). Give h(-8).
-4
Let v(j) be the third derivative of 1/3*j**3 + 1/3*j**4 - 7*j**2 + 0*j + 0 - 1/60*j**5. Calculate v(6).
14
Let i(d) be the second derivative of -d**5/20 - 7*d**4/12 - d**3/6 + 7*d**2/2 + 425*d. Give i(-7).
14
Suppose -41 = -2*x - 9. Suppose -8*r - x = -4*r. Let u(z) = -2*z - z**2 - 3*z + 0 - 5. What is u(r)?
-1
Let h = -460 - -469. Let b(l) = -l**2 + 13*l - 4. Give b(h).
32
Let h be (56/(-192)*-6)/(3/(-12)). Let o(a) = 5*a + 24. Give o(h).
-11
Let c(i) = -i**2 + 9*i + 52. Suppose 126 - 48 = 6*a. Give c(a).
0
Let g(z) = -z - 1. Let i(x) = 1. Let h = -17 - -16. Let m(y) = h*g(y) + 2*i(y). Determine m(-7).
-4
Let u(a) be the third derivative of a**6/120 - a**5/30 - a**4/6 + a**3/2 - 13*a**2 + 2*a. Determine u(4).
19
Suppose 0 = -3*p + d + 9, 1 = 5*p - 0*p + 3*d. Let j(g) = -3*g**2 - 2*g**p + 2*g**3 - 1 + 4*g**2 + 3*g**2. What is j(1)?
3
Let h(l) = -l**3 - 2*l**2 + l - 7. Let b = -134 + 130. What is h(b)?
21
Let h(a) be the first derivative of a**2 + 4*a + 35. Let i(s) = -s + 6*s - s**3 + s - 5*s**2 + 1 + s. Let t be i(-6). Calculate h(t).
-6
Suppose 4*q = 4*h - 24, -8*h + 7*h + 2*q + 7 = 0. Let z(f) = f**2 - 4*f - 8. Give z(h).
-3
Suppose 11 - 23 = -6*g. Let o(u) be the second derivative of 0 - 1/2*u**g + 5/6*u**3 + 4*u. Give o(2).
9
Let c(v) = 7*v**2 + 6*v - 11. Let t(a) = -4*a**2 - 3*a + 6. Suppose 3*y = -0*y + 15. Let d(f) = y*t(f) + 3*c(f). Let k be (10/4)/((-3)/6). Give d(k).
7
Let x(s) be the third derivative of s**6/120 + 2*s**5/15 + 3*s**4/8 + s**3/3 + 20*s**2. Determine x(-7).
-12
Suppose -7*p = -5*p - 88. Suppose -4 = 2*k, 0*k + 4*k = 3*z - p. Let m(n) = 10*n + 7*n + z*n - 31*n. Give m(-2).
4
Let q(p) be the second derivative of 1/2*p**3 + 39*p + 0 + 1/2*p**2. Suppose -16 = u + 3*u. What is q(u)?
-11
Let k(s) be the first derivative of s**3/3 - 7*s**2/2 - 13*s - 3. Let r be (-4 - 38/(-8))*12. Calculate k(r).
5
Let r(b) = -7*b - 19 - 35 + 60. What is r(5)?
-29
Let n(l) be the second derivative of 11*l - 2/3*l**3 + 0 - 3/2*l**2. Give n(-2).
5
Let h be 88/(-5) + (-24)/60. Let u = 13 + h. Let s(d) = -10*d + 1. Let v(c) = 2*c. Let t(z) = -2*s(z) - 11*v(z). What is t(u)?
8
Let a = 20 + -13. Let z = -12 + 18. Let m(f) = -21*f + 14*f - f**2 + f**3 + 4 - z*f**2 + f**2. Calculate m(a).
4
Suppose n = -2*u + 143, -4*u + 125 = -2*u - 5*n. Let d = -40 + u. Suppose 7*o - o = -d. Let x(h) = -3*h - 6. Determine x(o).
9
Let u(w) be the first derivative of -w**2/2 - 2*w + 118. Determine u(-5).
3
Let h(w) be the first derivative of 1/3*w**3 - w**2 - 5*w + 11. Give h(4).
3
Let k = 1 + -3. Suppose 0 = -4*q + 5*j + 72, j = 4*q - 62 + 6. Let d(s) = -s + q*s - s**3 - 10*s + 2 - 1. Give d(k).
5
Let u = 18 - 19. Let a be (-15 - -17) + u + 1. Let l(k) = -k**a - 2 - 3*k**2 - 26*k**3 + 25*k**3. Determine l(-4).
-2
Suppose 0 = 6*j + 8 - 32. Let s(b) be the first derivative of b**4/4 - 4*b**3/3 - 3*b**2/2 - b - 2. Give s(j).
-13
Suppose -4*z = 14 - 34. Let i(x) = -x + 4 - 3 + z - 1. Determine i(0).
5
Suppose 4*f - 8*f - 4 = 0. Let k be f + (-1 - (4 - 36)). Suppose 0 - k = 5*o + 4*t, 4*o + 3*t = -23. Let r(a) = 2*a**3 + a**2 + a + 2. What is r(o)?
-12
Let i(s) be the third derivative of -s**6/720 + 5*s**4/8 + 6*s**2. Let b(w) be the second derivative of i(w). Give b(-3).
3
Let q(k) = 17*k + 28. Let l(s) = 10*s + 15. Let h(r) = 5*l(r) - 3*q(r). Determine h(-4).
-5
Let a(y) = y**2 - 4*y - 2. Let c = 930 + -923. Give a(c).
19
Let i(f) = -3*f + 32. Suppose 90 - 24 = 6*v. Calculate i(v).
-1
Let c(b) = -b**3 - 2*b**2 + b - 2. Let w(t) = 3*t**3 + 7*t**2 - 4*t + 8. Let i(o) = 4*c(o) + w(o). Calculate i(0).
0
Let i(x) be the third derivative of -x**6/120 + x**5/6 - x**3/6 + x**2 - 26*x. Calculate i(10).
-1
Let a(g) = g**3 - 2*g**2 + 1. Let w = -657 - -656. Give a(w).
-2
Let q(h) = -1 - 1012*h + 2022*h - 3 - 1009*h. Determine q(9).
5
Let d(w) = 10780 + w**2 - 5388 - 5401 + 2*w. What is d(-5)?
6
Let d be 6/(-45)*-5*-6. Let j(w) = w**3 + 3*w**2 - 2*w + 6. Let x be j(d). Let l(i) = -i**3 - i**2 + 2*i. Calculate l(x).
0
Let x(b) = -b**2 - 7*b - 2. Suppose -4*v + 9 - 1 = 0, 4*s - 4*v = 0. Let m be 1/((-2)/36*2). Let o = s + m. Determine x(o).
-2
Let d(w) = w**3 + 5*w**2 + 7*w + 10. Suppose 3*j - 4*n = j - 2, -4*j + 5*n - 7 = 0. Determine d(j).
7
Let u(m) = -m**3 - 4*m**2 - 4*m - 3. Suppose 6*z - 18 - 18 = 0. Suppose 0 = 17*h - 14*h + z. Determine u(h).
-3
Let b(k) = k**2 - 11*k + 15. Let s be b(10). Suppose -s*r - 8 = -33, -19 = -2*c - 5*r. Let q(u) = -2*u**2 + 3*u**2 + u**2 - 3. What is q(c)?
15
Let z(m) = -7*m - 11 - 15*m - 1 + 16*m. Let p be z(-2). Let d(v) = -v - 6. Determine d(p).
-6
Let j be 2/13 - 312/(-169). Let l be ((-26)/39)/(j/(-6)). Suppose 0 = -2*x - 3*m - 6, -x - x - l*m = 4. Let b(i) = -i + 1. Give b(x).
1
Let v(u) = 2*u**2 + 0*u - 1 + 0*u. Let r = 23 - 23. Suppose -4*p + 0*p - 8 = r. Give v(p).
7
Let j(r) = -r**2 + 23*r + 70. Let l be j(26). Let s(z) = z**2 + 5*z - 27. Give s(l).
-3
Let m(t) = -12*t + 7. Let u = 1797 - 1794. Determine m(u).
-29
Let b(w) = 12. Let j(x) = -2*x - 35. Let q(k) = 7*b(k) + 2*j(k). Give q(5).
-6
Suppose -105 = -9*g + 12. Let x(q) = -q**3 + 12*q**2 + 11*q - 2. Calculate x(g).
-28
Suppose 4*n - 37 - 15 = 0. Let r(i) = -2*i + 17. Determine r(n).
-9
Let m = 43 - 40. Let n(x) = m*x + 18799 + 7*x - 18805 - 2*x**2. Give n(6).
-18
Suppose -5*j + 9 + 6 = 0. Let s(q) = -2*q**j + 9 - 10 + 0*q**2 - 5*q**2 + 4*q**2 + 2*q. What is s(1)?
-2
Let h(y) = -y**2 - 9*y - 6. Let o be h(-8). Let s(f) be the first derivative of -5*f**3/3 + 3*f**2/2 - 2*f - 33. Calculate s(o).
-16
Suppose 2*x - 13 = -d, -4*x + 3*d + 8 = -3. Let k(q) = 4*q - 6*q + 1 + 2 - x. Determine k(2).
-6
Let o(a) = a**3 - 6*a**2 + 2*a + 7. Suppose 5*n + 0 = -5*d - 5, -n + 7 = 5*d. Let h(t) = 3*t - 2. Let m be h(d). Let w be m + -6 + 4 + 3. What is o(w)?
-8
Let h(y) be the second derivative of y**5/20 + 2*y**4/3 - y**3/6 - 3*y**2/2 + 22*y + 2. What is h(-8)?
5
Suppose o + 2*n - 6 = 0, -5*o + n + 19 = -0*o. Suppose 4*m + 4 = -4*i, 2*i - 4*m - 2 = 20. Let c(k) = -i + 8*k**2 - 8*k**2 + 5*k - k**2. What is c(o)?
1
Suppose 4*b - 207 = -5*b. Suppose -u + 2*u = -c + b, 3*c - 2*u = 59. Suppose -y + c = -4*y. Let x(l) = 2*l + 9. What is x(y)?
-5
Let m = -791 + 797. Let y(g) = g**2 - 9*g + 25. Determine y(m).
7
Let c(r) = 273*r + 0 - 16 - r**2 + 0 - 283*r. What is c(-11)?
-27
Let i(q) be the second derivative of -q**3/3 + 5*q**2/2 - 2*q - 15. Calculate i(7).
-9
Let f(p) = 8*p - 4. Let t(k) = -7*k + 4. Let m(v) = 25*v**3 + v - 1. Let o be m(1). Suppose 0*j = 5*j + o. Let b(n) = j*f(n) - 6*t(n). Calculate b(3).
2
Let a(l) = l**2 + 13*l + 8. Let m be (13/65)/((-4)/220). Calculate a(m).
-14
Let z(o) = o**2 + o - 4. Suppose q + 74 = 3*c, 5*q - 2*q - 114 =